Evaluate 2 - 0 - (-3 - (-4 + -14) - 144) - 9.
122
(-7 + 13 + -4 - -19) + 29 + -37
13
Evaluate -37 - (-48 + 43 + (0 - 2)).
-30
Calculate 3 + (1 - 4 - 1 - (80 + (-75 - -33))).
-39
What is the value of 11 + (-10 - (12 - 22)) + 0 + -39?
-28
What is the value of -4 + (-1 - 4 - -5) + 51 + (-10 - 47)?
-10
Evaluate (-1 - 1) + (-7 + 2 - (-21 + 25 - 12)).
1
What is -7 - (-4 - ((-1 + 6 - -4) + -47)) - -3?
-38
(-13 - -6 - 46) + (5 - (27 + -24))
-51
What is 12967 + -12987 - (-6 + 9 - (0 + -1))?
-24
-2175 - -2175 - (-1 + 87) - (-16 - (-1 + -2))
-73
-7 + (-58 + 54 - (-1 + 0 - 10)) - 26
-26
What is (2 + 0 + 6 - -15) + 9 + (1 - -3)?
36
Evaluate (-49 + 39 - 28) + 38.
0
What is -6 + -1 - (48 + (-3 - 38))?
-14
What is 126 + -102 + -8 + 30 - (1 - 1)?
46
Calculate -3 + 3 - -10 - (1 + -23 + 98 - -25).
-91
15 + -3 + -6 + -3 + -16 - (-124 - -119)
-8
14 + (-13 - 0) + -14 + 6 - 68
-75
What is the value of (0 - 4) + (-10 + 69 - 60)?
-5
-10 - ((-94 - 1) + (15 - (10 + -7))) - 10
63
What is the value of 28 - (39 - 18) - (6 - 13 - -7)?
7
Evaluate (-10 - (24 - (-5 - -10) - 19)) + 0 + -11.
-21
Calculate -33 + (-3 - (-3 + (15 - 10))) + (2 - -12).
-24
What is the value of 17 - 18 - 24 - (49 - 26)?
-48
What is the value of 50 + (68 + -38 - 33)?
47
What is the value of -9 + (19 - (2 + 1)) - -8?
15
What is (-855 - -902) + -11 + (4 - (-2 - -3))?
39
Calculate (1 + -6 - -16) + -427 + 436.
20
(18 - -9) + -3 - (54 - -15)
-45
9 - -20 - (5 - 3 - 40)
67
What is -91 - (-4 - 1 - (6 - (-22 + (33 - 1))))?
-90
Calculate -11 - (13 + -41) - -10 - -3.
30
What is (-2 - 11) + -131 + 142 - 1?
-3
Calculate -72 + -3 - (5 - 4) - ((-14 - 2) + 10).
-70
Calculate 18 - (59 + -5 - 26).
-10
-14 + -87 - -130 - (2 + 29)
-2
5 + -7 + 0 + 12 + -12 + 3
1
Evaluate (90 - 11 - 75) + (0 - 1).
3
Evaluate (-8 - -12) + -105 + -9 + (-4 - -9) - -13.
-92
Calculate -72 - (-59 + 66 + -46).
-33
What is the value of (-22 - -79) + -22 + -11 - -12?
36
What is the value of (-28 - -15) + 40 - 2 - -7?
32
What is the value of (5 - (-3 + 2 + -9)) + -6 - (-144 + 12)?
141
What is -4 + (-3 + 16 - (13 + (-7 - 0)))?
3
What is (-48 + 22 - -6) + 12 + 1 + 28?
21
-8 + -16 + 44 + (-38 - -57)
39
What is -19 + 120 + -89 + -51 + 3?
-36
What is the value of 6 - (36 - 8) - -42 - 15?
5
Calculate 3 - (5 + (-6 - -19 - ((-8 - 0) + 3))).
-20
What is (-9 - 1) + (270 - 248) + -15?
-3
What is the value of -57 - ((20 + -4 - -3 - 35) + 13)?
-54
What is (0 - 3) + -5 + -9 + -51 + 88?
20
(2 - 15) + (15 - (28 - (10 + -1))) - 11
-28
Evaluate -938 + 942 + 0 + 1 + -2 - -1.
4
(71 + -1 - (1469 + -1496)) + -31
66
What is 30 + -49 + 25 + -83 + 109?
32
What is (0 - -1 - 6) + (53 + 10 + -45 - -1)?
14
Evaluate 1 + 38 - (-111 + 0 + 112).
38
What is the value of (1507 - 1453) + (-31 - 1) + -42?
-20
What is (0 - -4 - (-1 - -21)) + 16 + -11?
-11
What is the value of -18 + (7 + 7 - -16) - -33?
45
9 - (-10 - -27 - (-12 + 24))
4
-28 + (-55 - -15) + 46
-22
Evaluate (-135 + 226 - 4) + (-1 - 36).
50
What is (2774 - 2782) + -1 + 38?
29
(48 - -2) + 4 - (91 + -83)
46
(-21 + -4 - -19 - 8) + -6 - -59
39
What is 12 + -13 + 63 - (8 + -12 - (-12 + 0))?
54
What is the value of ((-5 - -5) + 2 - -77) + (149 - 156)?
72
63 - 56 - (11 - 3) - (-45 - 0)
44
Calculate 28 - (26 + (-20 - 36)) - -26.
84
What is the value of 7 - -26 - ((-35 - -31 - -4) + (-2 - 7))?
42
Calculate (-15 - -22) + 3 + -23 + 32.
19
Calculate 22 - (-83 - -41 - -56).
8
(-1 - (2 - 4)) + -5 + (5143 - 5138)
1
Calculate -20 + (-11 - (-77 - -27)) + -18.
1
-68 - (5 + 4 + 0 + -21)
-56
-39 - (-65 + 0 + 38)
-12
Evaluate 43 + (-20 + 13 - (-4 - -25)).
15
What is (-4 + 54 - 26 - 20) + -1 + 64?
67
Calculate 22 + -12 + 0 + 5 + -10 + -21 + -1.
-17
(10 - ((-60 - -37) + 26)) + -120
-113
What is the value of (-1043 - -1092) + (7 - 21) + 7?
42
What is the value of (-19 + 38 + -8 - (7 - -10)) + (43 - -1)?
38
What is -18 + -21 + (-3 - -7) + 2 + 12?
-21
What is the value of -2 + (2 - 0) + (-34 - (-22 - 8)) + 8?
4
Calculate 20 - ((-25 - -39) + 0 + 36).
-30
Calculate (-29 - 1) + -23 + (33 + -14 - -7) - 8.
-35
What is (29 - -2) + -1 + (-2409 - -2414)?
35
What is the value of -26 + 149 + -32 - 56?
35
Evaluate (-95 - 14) + 32 - (-29 + -3).
-45
What is the value of 0 + (37 - (20 - 15)) + (-2 - 6)?
24
What is the value of 11 + (8 + -39 - -55)?
35
Evaluate (6 - 137) + -27 + 47 + 12.
-99
Evaluate 7 + -12 - 0 - (-109 - -151).
-47
Evaluate 27 + (-12 - (-8 + 17)) + (-6 - -44).
44
What is 276 + -261 + (-6 - (-2 - 2)) + -1 + -1?
11
25 + -39 - 7 - -29
8
What is 12 - (70 - (-3 + -24)) - -9?
-76
What is the value of 8 + (-9 - 13 - 0) + (-20 - -32)?
-2
What is -8 - 1 - (-945 + 894)?
42
Evaluate 91 - (-5 + -44 + 23 + -10).
127
What is 0 - (-1 - -8) - ((-26 - 9) + (48 - 46))?
26
Calculate 15 + 33 + -24 + 54 + -16.
62
-9 + (-13 - -7) + 11 - 7 - -61
50
What is the value of (-2 - -21) + 11 + -2 + (-17 - 8) + 13?
16
What is 4 + (8 - 9 - -9) + (37 - 5) + 2?
46
(4 - 38 - -30) + (5 - -19)
20
Evaluate 2 + -62 + (-5 - -4) - (12 - 27 - -9).
-55
What is (-44 - -62 - (1 + 20)) + 47?
44
What is 47 + 9 + -5 - 7 - (-31 + 27)?
48
Calculate (5 + -12 - (-23 - 0)) + 7 + -84 + 32.
-29
Evaluate -67 - (28 + 10 + -59).
-46
-12 - (-39 + (115 - 54))
-34
Evaluate 98 + -49 + -230 + 102.
-79
What is 1 + (13 - -1) - (7983 + -7963)?
-5
What is the value of -8 + 0 + -11 + -12 - (-41 + 28)?
-18
-1 + -26 - (-13 + 77 + -86)
-5
Evaluate 16 + 14 + -3 + -13 + -7 + 14.
21
What is the value of 45 - ((-8 - (14 + -16)) + -17 + 8 + 6)?
54
What is the value of 10 + (-19 - -17) + 49 - 18?
39
Evaluate (-35 - (-34 - -53)) + 33.
-21
Evaluate -94 - (1 - -7 - ((66 - 104) + 46)).
-94
Evaluate (5 - (-12 + 2 + -51 + 68) - 8) + 10.
0
Evaluate -15 + (2 - -25) + (12 - 0).
24
What is the value of -39 - (12 - 52) - 74?
-73
What is -261 - -188 - (-95 - 0)?
22
-20 - (-3 - 9 - (157 + -193))
-44
What is the value of (6 - ((-23 - -11) + 2 + 8)) + 39?
47
What is (0 + 6 - (0 - -13)) + (-8 - -9 - -2)?
-4
What is the value of (-227 - -257) + (-18 - 13) - (-39 - (-1 + 1))?
38
-4 + -2 + -1080 + 1108 + (46 - 2)
66
What is -4 + 0 + 0 + (7292 - 7307) - -76?
57
Calculate (7 + (16 - 20) - -4) + 19.
26
9 + 4 + (60 - 110)
-37
Evaluate (27 - 47 - 29) + (2 - 2) + (5 - 6).
-50
What is the value of 1 + 8 + -3 + 231 + (-70 - 60)?
107
What is the value of 35 + (6 + -2 - (107 - 107)) + 7 + -2?
44
Evaluate 15 - -7 - (287 - 248).
-17
What is the value of (-21 + 1 - -38) + -41?
-23
What is 19 + (11 - 5) + -26 - (2 - 5)?
2
(-12 - (63 + -96 + -6 + 2)) + -3
22
What is 34 + 38 + -51 - -18?
39
Calculate -58 + -127 + -38 + 134.
-89
Evaluate -9 + (-2 - 9) + 4 + (88 - 2).
70
What is the value of (152 - (-51 - -208)) + 0 + -3 + 63 + -2?
53
What is the value of (16 - -5) + (-50 + 3 - -7)?
-19
Calculate 1 + -30 + (-3583 - -3550).
-62
Evaluate -42 + 44 + 7 + -4 + -5 + -2 + 24.
22
Calculate (3 + -2 - -24) + -88 + 60 + (0 - -31).
28
Calculate (2 - -30) + ((21 - -5) + -31 - (0 + -13)).
40
Calculate -91 + (11 - 10 - 1 - (33 + -41)).
-83
What is the value of 20 - (0 + 117 + -686 + 668)?
-79
Evaluate -76 - (43 + -5 + -107).
-7
Evaluate 2 + 75 + -11 + -65.
1
What is (-5 + (-105 - -13 - -1) - 13) + 16?
-93
Calculate 20 - (-83 - (-45 - (-49 - -28))).
79
What is the value of (23 + 5 - -4) + -13 - -14?
33
Evaluate 53 + (32 + 25 - 99).
11
What is 14 + (0 - 13) - 6 - -1 - -15?
11
1 + -8 - (-11 + -2 + -2) - -2
10
What is 7 - (-11 + -1 + -5 + (4 - -4) - 4)?
20
-114 - -99 - -50 - 48
-13
6 + (-4 - 11) - (7 + 12 + -71)
43
What is the value of 78 + (-105 + 33 + 74 - (1 - 6))?
85
What is the value of (-42 - (-8 + -41)) + -39?
-32
What is the value of (-94 - -128) + -9 + 3 + 61?
89
Evaluate 26 - 0 - (19 - (2 - (-18 - 3))).
30
Evaluate 6 - (1 - (5 - 6)) - -12 - 2.
14
What is (-29 - -34) + (-7 - 2) + 36 + 2?
34
What is the value of (-8 - 0) + (37 - 13) + -8 - (54 + -1)?
-45
What is the value of (72 - 1) + (34 + -42 + -7 - (-15 - -3))?
68
Evaluate 91 - 116 - (63 - 17).
-71
(-6 - (0 + -1)) + 94 + -56
33
What is -41 + 1 + -2 - (-2639 - -2635) - 5?
-43
Evaluate (5 - 3 - -24) + 24 + (-21 - 24 - -23).
28
What is the value of -8 - (2 + -9 - (32 + (-59 - -28)))?
0
What is 52 + 59 + 40 + -101?
50
Calculate -41 + (78 - (41 + -28)).
24
What is the value of (-28 + 12 - (-5 - 22) - 12) + (33 - -4)?
36
What is the value of ((-16 - ((-9 - -3) + -3)) + 8 - -8) + 27?
36
What is the value of (-36 - -6)